 is the units digit of o?
3
What is the units digit of 5046 - (-4 - (-15)/((-60)/(-16)))?
6
What is the units digit of 0/(-16) - (-312 - (-2 + 2))?
2
Suppose -10*d + 0*d = -1860. Let u = 321 - d. What is the tens digit of u?
3
Let f = 1 + 15. Let z = 13 - f. What is the units digit of (-16)/z - (-6)/9?
6
Let n = -25 + 20. Let o be 1*99/((-5)/n). What is the units digit of 1/(o/(-102) + 1)?
4
Let w(l) be the third derivative of 11*l**5/60 - l**4/24 + l**2. Let t = 43 - 45. What is the tens digit of w(t)?
4
Let t = -158 - -168. What is the units digit of t?
0
Let p(l) = l**3 + 10*l**2 + 2. Let c be p(-10). What is the units digit of c/7 + (-7224)/(-98)?
4
What is the units digit of 6/24 + (-3886)/(-8)?
6
Suppose 6791 = 5*k - 2*c, -k - 5*c = 167 - 1536. What is the units digit of k?
9
Suppose 87 = 3*s - b, -3*b = -2*s + 83 - 25. Let q = -12 + s. What is the units digit of q?
7
What is the units digit of 91 + (-16)/(-7) + (-8)/28?
3
Let l be 8 - (-3 + 6 - 5). Suppose 3*z - 5*z = -l. Suppose 58 = z*o + 4*r, 6 = -2*o + 3*o - 2*r. What is the units digit of o?
0
Let g = -903 + 1645. What is the tens digit of g?
4
Let p be 1*(-2 - -5)*-1 + -17. Let i(t) = -t + 18. What is the tens digit of i(p)?
3
Suppose 0 = 4*y - 5*n + 116, 64 = -5*y - 4*n - 40. What is the units digit of (-8)/y*3*87?
7
Let n be (3/(-4))/(3/(-12)). Suppose 81*p = 83*p - 10. Suppose -n*u + c + 93 = -0*u, p*u = c + 153. What is the tens digit of u?
3
Let d(j) = -j**2 + 7*j - 2. Let p be d(15). Let u = -88 + 16. Let g = u - p. What is the tens digit of g?
5
Let k = -291 + 757. What is the units digit of k?
6
Let u = -17 + 8. What is the units digit of (-6)/u*(-405)/(-6)?
5
Let x(f) = f**3 - 10*f**2 - 29*f + 22. Let l be x(12). Let p = l + 41. What is the units digit of p?
3
Let o(g) = -g**3 + 11*g**2 + g + 18. Let u be o(11). Suppose -n - u - 324 = -4*l, -450 = -5*l + 3*n. What is the units digit of l?
7
Suppose -4*c = -5*l - 439, c - 363 = -2*c - 3*l. Let g = -55 + c. What is the tens digit of g?
6
Suppose 3*o - 7*o = -52. Suppose 3*d - o + 4 = 0, 2*u + 4*d + 114 = 0. Let r = -42 - u. What is the units digit of r?
1
Let i(n) = -n**2 - 6*n + 4. Let u be i(-7). Let v be (9/(-6))/((-9)/(-24)). What is the units digit of u + -9*v/4?
6
Suppose -x + s + 2 = 0, -4*x + 2*s + 9 = -7. Suppose 0 = -4*p + 3*q + 164, -x*p + p = -3*q - 202. What is the units digit of p?
8
Let f(p) = -p**3 + 11*p**2 - 15*p + 7. Let z be f(10). Let r be z/(-9) - (-14)/63. Suppose r*w = 79 - 24. What is the units digit of w?
1
Let s(k) = -10*k**3 - 89*k**2 - 105*k - 38. Let p(m) = -3*m**3 - 30*m**2 - 35*m - 13. Let z(f) = 7*p(f) - 2*s(f). What is the tens digit of z(-31)?
0
Suppose 3*y + 5164 = 4*i, 1306 = 6*i - 5*i + 3*y. What is the hundreds digit of i?
2
Suppose 4*b = 398 + 82. Suppose -2*y + b = -40. Let j = y - 52. What is the units digit of j?
8
Suppose 95*g = 96*g - 1988. What is the thousands digit of g?
1
Suppose -2366*o = -2373*o + 4564. What is the hundreds digit of o?
6
What is the units digit of (-4 - (4/10 + -5))*1475?
5
Suppose 0*f + 176 = 3*f + 5*h, -3*h = -12. Suppose -55 = -q + f. What is the units digit of q?
7
Suppose 5*x = 4*l - 1215, 497 = -2*x - 2*l - 7. Let p = x - -427. What is the hundreds digit of p?
1
Suppose 103803 - 22288 = 35*t. What is the units digit of t?
9
Let w be -5 + (6 - 3) + 6. Suppose -w*o + 60 = i - 213, 795 = 3*i + 4*o. Suppose 2*r = 3*j + 111, 4*j = 5*r + 2*j - i. What is the tens digit of r?
5
Suppose -8004 = -23*b + 22586. What is the units digit of b?
0
Suppose 0 = -9*c - 42 + 6, 4*h = -2*c + 8376. What is the thousands digit of h?
2
Suppose -3*v + 28 = z + v, 2*v + 140 = 5*z. Suppose 16 + z = 2*x. What is the units digit of x?
2
Let d(m) = -4*m + 13. Let j be d(4). Let o be (-1)/4 + j/(-12). Suppose 3*f - 6 - 162 = o. What is the units digit of f?
6
Let a be 3/36 - 3810/(-72). Let k = 14 + a. What is the tens digit of k?
6
Let c = -10 + -41. Suppose -2*t + 5*t + 4*p - 203 = 0, 239 = 3*t - 5*p. Let n = c + t. What is the units digit of n?
2
Let f(t) = t**2 + 6*t + 5. Suppose -4*x + 5*w = 14, -2*x = -x + 3*w + 12. Let d be f(x). What is the units digit of 12/(-30) + 47/d?
9
Let b be (22/33)/(2/18). Suppose -9*l = -b*l - 147. What is the tens digit of l?
4
Suppose 0 = k - 4*j - 84, -72 = 2*k + 5*j - 279. What is the tens digit of k?
9
Let i(w) = w**3 - 8*w**2 + 6*w - 10. Let c(l) = l**3 - 8*l**2 + 7*l - 11. Suppose 0 = a - 2*a - 4. Let x(b) = a*i(b) + 3*c(b). What is the tens digit of x(7)?
3
Let d = -4 - -13. Suppose -v - 4*v + 825 = 0. What is the units digit of v/d + (-1)/3?
8
Let d = 909 - -253. What is the units digit of d?
2
Suppose -s - 8 = s. What is the tens digit of (320/(-4))/s + (0 - 2)?
1
Let w = 6 - 6. Suppose 2*z - 5 - 5 = w. Suppose z*h + 80 = 4*t, -4*t + 13 + 35 = 3*h. What is the units digit of t?
5
Suppose q = -5*t + 59, 2*q + 0*q + t = 118. What is the units digit of q?
9
Let o(d) = d**3 - 8*d**2 - 10*d + 3. Suppose 18*x = 19*x - 10. What is the tens digit of o(x)?
0
Let m(h) = -h + 18. Let l be m(10). Let z = l - 8. Suppose 3*j - 60 - 6 = z. What is the tens digit of j?
2
Let x(n) be the third derivative of -n**6/360 + n**5/60 - n**4/8 - 4*n**2. Let l(a) be the second derivative of x(a). What is the tens digit of l(-8)?
1
Let t be (4 - 14)/(-3 + 1). Let f be t*(0 - 3/(-3)). Suppose f*p - 108 = 187. What is the tens digit of p?
5
Let r = -205 - -318. What is the hundreds digit of r?
1
Let j(o) = -3*o**2 + 6*o - 2. Let v be j(4). Let n = v + 93. What is the units digit of n?
7
Suppose -3*r - 5*l + 9327 = 0, 17*r + 3099 = 18*r + 5*l. What is the thousands digit of r?
3
What is the units digit of (20/8 + -2)*(-13944)/(-4)?
3
Suppose y + 6 = 3*y, -3*n = -4*y. Suppose n*o - 435 = -o. What is the units digit of o?
7
Let c(t) = -8 + 4*t**2 + 0*t**2 + 4*t - 3*t**2 - 2. Let s be c(-9). Suppose -3*y = -2*u - s - 65, 3*y = -2*u + 116. What is the units digit of y?
6
Let i = -17 - -51. Let t = i + -3. What is the units digit of t?
1
Suppose -7*t + 35 = -2*t. Suppose t*s - 384 = -s. What is the units digit of s?
8
Suppose t - 4314 = 2*u - 572, 11204 = 3*t + 5*u. What is the thousands digit of t?
3
Suppose -2*s - 12 = -4*a, -4 + 34 = -5*s + 2*a. What is the units digit of ((-8)/3 - 1)*s?
2
What is the tens digit of ((-34)/4)/(6/(-480))?
8
Let c be 14/4 - (-9)/(-6). What is the tens digit of c/2*(17 + 182)?
9
Suppose -2*p = m + 2*p - 985, -2*m - 3*p = -1965. What is the hundreds digit of m?
9
Let l = -676 + 1693. What is the hundreds digit of l?
0
Suppose 19*y - 11*y - 10424 = 0. What is the hundreds digit of y?
3
Suppose -4*m + 9*m + 3*b - 6071 = 0, 4*m - 5*b = 4879. What is the thousands digit of m?
1
What is the units digit of 36/54 + (-1688)/(-6)?
2
Let p(o) = 13*o**2 + 8*o - 7. Let b be p(2). Let x = b - 50. What is the tens digit of x?
1
What is the thousands digit of (1143/6)/(24/544)?
4
What is the units digit of ((-9)/(-5))/(4/(57 - -3))?
7
Suppose 4*l = -o + 534 + 539, 10 = 2*o. What is the hundreds digit of l?
2
Let s(b) = -2*b**2 - 2*b + 2. Let p be s(-2). Let g be 17/(-4) - p/8. Let w = g - -12. What is the units digit of w?
8
Let i = 2446 - 1275. What is the tens digit of i?
7
Let b = -2 - -6. Suppose b - 13 = -3*f. Suppose -2*i + f = -39. What is the tens digit of i?
2
What is the tens digit of ((-84)/30)/(1 - (-963)/(-960))?
9
Suppose 2*m - 15 = -4*o + 19, 5 = m. Suppose -2*f + 48 = -o. What is the tens digit of f?
2
Suppose -2*d + 96 = 2*d. Suppose 0*z - d = -4*q + 2*z, -4*q + z = -24. What is the units digit of (q/4)/(1/2)?
3
Let q = 214 - 39. What is the units digit of q?
5
Suppose 0 = -2*a - 3*j + 1425, -3*a + 6*a = -4*j + 2135. What is the units digit of a?
5
Let j(i) = -3 + 0*i + 6*i - 21*i. What is the tens digit of j(-3)?
4
Let v(i) = 10*i**2 + 16*i - 36. What is the hundreds digit of v(-13)?
4
Let z(x) = 62*x + 730. What is the hundreds digit of z(16)?
7
Let a = 40 + -18. Let b = 20 - a. What is the units digit of (-4)/4 - (b - 3)?
4
Let t = 5006 + -2844. What is the tens digit of t?
6
Let a(r) = -r**3 + 8*r**2 + 5*r - 9. Let l be a(7). Let h = 144 - l. What is the tens digit of h?
6
Let x = 334 + -241. What is the units digit of x?
3
Suppose 17 = 4*d + 9. Suppose 0 = -d*i - 3*i + 80. What is the units digit of i?
6
Let q(z) = z**3 - 15*z*